the greatest common divisor of q and 11.
11
Suppose 5*k + f + 3*f - 438 = 0, f = 2. Suppose g = -0*x + 5*x - k, 4*g = 2*x - 20. Calculate the highest common divisor of x and 72.
18
Let i = -20 - -38. Let j(a) = a**2 + 4. Let n be j(0). Let m = -2 + n. Calculate the greatest common factor of m and i.
2
Suppose -665 = -j - 4*j. Let d be (2/(-4))/(3/(-12)). Suppose 5 = -d*m + 4*b + j, -2*m - 2*b = -152. What is the greatest common factor of m and 9?
9
Suppose -3*s - 4*l = -126, -91 + 7 = -2*s - l. Suppose n - 65 = -4*n. Let w = n - 7. What is the highest common divisor of w and s?
6
Suppose -5*i = -2*i - 57. What is the greatest common divisor of i and 209?
19
Let y(g) = 3*g**2 - 8*g + 1. Let c be y(6). Suppose -3*b + c = -170. Calculate the highest common divisor of 11 and b.
11
Let h be (18/15)/((-24)/(-800)). Calculate the highest common divisor of 10 and h.
10
Let f be ((-12)/18)/((-2)/132). Let q(l) = -55*l. Let c be q(-2). What is the greatest common divisor of f and c?
22
Let f = 14 + -10. Suppose r - f*r = 9, 3*r + 18 = 3*s. What is the highest common factor of s and 24?
3
Let j be 1 + (8/2)/2. Suppose -j*l + 26 = -l. Calculate the highest common factor of 52 and l.
13
Let v be (-48 - -2)*1/(-2) - 3. Let b(j) = -24*j + 2. Let i be b(-2). What is the greatest common divisor of i and v?
10
Let o(h) = -47*h**3 - h. Let y be o(-1). Let k be (4 - 6) + (-28)/(-2). Calculate the highest common factor of k and y.
12
Suppose 177 = 4*d + 33. What is the greatest common factor of 24 and d?
12
Let k be 2*84/(-8)*-2. Calculate the greatest common factor of k and 6.
6
Let z(y) = 3*y + 12. Let q be z(0). Calculate the greatest common factor of 84 and q.
12
Let y = -38 + 110. Calculate the highest common factor of y and 9.
9
Let g = 891 - 627. Calculate the greatest common factor of g and 24.
24
Let l be 2 + -1 + (-5 - 26). Let s = l - -43. Calculate the greatest common divisor of 65 and s.
13
Let k = -21 - -32. What is the highest common factor of k and 44?
11
Let p = -165 - -108. Let j be p/9 + 1/3. Let z be (6/(-9))/(2/j). Calculate the greatest common divisor of z and 8.
2
Suppose -q + 0*q - g + 23 = 0, 5*q - 85 = 5*g. Let l be 5/q + (-950)/(-8). What is the greatest common divisor of 17 and l?
17
Let b(a) = -4*a + 1. Let i be b(-1). Suppose 4*t - 18 = m, -i*m + 3 = 4*t - 3. What is the highest common divisor of 44 and t?
4
Let a = -24 - -34. Calculate the highest common divisor of a and 110.
10
Let b = -140 - -200. What is the highest common divisor of 12 and b?
12
Suppose -2*b - b + 165 = 0. Let c = -11 - -13. Let s be ((-40)/16)/((-1)/c). Calculate the greatest common divisor of s and b.
5
Let u be 47 + (80/(-12))/(-5)*-3. Calculate the greatest common factor of u and 215.
43
Let v(x) = -13*x + 12. Let h(a) = -12*a + 11. Let y(n) = 6*h(n) - 5*v(n). Let t be y(-6). Let c = t + -12. Calculate the greatest common divisor of c and 12.
12
Let l(z) = 13*z**2 + 2*z. Let p be l(-3). Suppose -2*j + p = u - 7*j, -4*u = 2*j - 510. Calculate the highest common factor of 14 and u.
14
Let y(t) = -2*t - 6. Let n be y(-4). Let v(f) = -4*f**2 - 3 + 3*f**2 + 2*f**n. Let b be v(5). Calculate the greatest common factor of b and 55.
11
Let i(x) = x**2 - 6*x + 2. Let o be i(6). Suppose 0 = -o*j - 2 + 8. Suppose q - 2*q = -3. What is the greatest common factor of j and q?
3
Let i = -3 + 53. Suppose -c = -4*f - 81 + 1, -c - 2*f = -i. Calculate the greatest common factor of c and 12.
12
Let d = 204 + -92. Suppose 3*h = h + d. Let c be (-172)/(-12) + 2/(-6). What is the greatest common factor of h and c?
14
Let r(l) be the second derivative of -4*l**2 - 3*l + 1/20*l**5 - 1/6*l**3 + 3/4*l**4 + 0. Let g be r(-8). What is the greatest common factor of g and 8?
8
Let h(a) = -13*a**3 + a**2. Let f be h(-2). Calculate the greatest common factor of 27 and f.
27
Let r be ((-2)/(-6))/((-17)/(-867)). What is the greatest common factor of r and 85?
17
Let x = 197 + -62. What is the highest common divisor of x and 27?
27
Let n(s) = -s**3 + 13*s**2 - 10*s + 15. Let f be n(12). Let k = 12 - 18. Let i be 4/k*(-39)/2. What is the highest common divisor of i and f?
13
Suppose -4*o = 2*n, 3*o - 4*n + n = 0. Let z = o - -4. What is the greatest common factor of 44 and z?
4
Let d = 5 - -4. Let j be 4 + (-1 - -1)/(-3) + 14. Calculate the greatest common factor of d and j.
9
Let r(k) = 7*k**2 + 7. Let f = -15 - -12. Let v be r(f). Calculate the highest common divisor of 175 and v.
35
Suppose 4*f - 2*t - 96 = -0*f, 3*f + 4*t - 83 = 0. Let x = f + -15. Suppose d - 4*h = 23, 4*h + 79 = 5*d + 2*h. Calculate the highest common divisor of x and d.
5
Suppose -2*w - 3*s = -102, -s = -3*w + 5*w - 94. Calculate the greatest common factor of 5 and w.
5
Let o = 433 + -217. Calculate the highest common factor of 27 and o.
27
Suppose -4*a + 297 + 39 = 0. What is the highest common divisor of 56 and a?
28
Suppose -g - g + 198 = 0. Let j be (-4)/22 + 9819/g. Suppose -4*p - 55 = -9*p. Calculate the greatest common factor of j and p.
11
Let q(m) = -m + 1. Let x be q(-4). Suppose x*f = 6*f - 24. Calculate the greatest common divisor of 4 and f.
4
Let d = -1 - -5. Suppose d*v + 0*v - 12 = 0. Calculate the greatest common divisor of v and 3.
3
Let l(s) = s**3 - s**2 + s + 25. Let d be l(0). Suppose -5*w - d = 0, z = -4*w - 0 - 8. Calculate the greatest common factor of 4 and z.
4
Let h = -10 + 15. Suppose -s = -3 - h. Let n(a) = a**3 + 5*a**2 + 1. Let z be n(-5). What is the greatest common divisor of s and z?
1
Let q be (0 + 8)/(1 + 3/(-6)). What is the highest common factor of 144 and q?
16
Suppose -23*t - 200 = -27*t. What is the greatest common divisor of t and 350?
50
Let d(u) = -5*u - 5*u + 0*u - 3. Let g(f) = 20*f + 7. Let o(b) = -9*d(b) - 4*g(b). Let w be o(1). Calculate the greatest common divisor of w and 9.
9
Suppose 5*w + 25 = 0, -2*w + 50 = 4*r - 0*r. Calculate the highest common divisor of 75 and r.
15
Suppose 3*k - 29 + 5 = 0. What is the greatest common divisor of 4 and k?
4
Suppose -196 = -27*c + 20*c. Calculate the greatest common factor of c and 42.
14
Suppose 2*n + 144 = 6*n. Suppose 0*f = 3*f - n. Calculate the greatest common factor of f and 36.
12
Let z = 20 - 12. Let r = -4 - -8. Let b be ((-126)/r)/((-6)/z). Calculate the greatest common divisor of b and 6.
6
Let c = 20 - 9. Suppose -148 = -4*m - 4*s + 208, -3*s = -2*m + 173. What is the greatest common divisor of c and m?
11
Let i(n) = n**2 + 3*n - 6. Let t = 10 + -16. Let g be i(t). Let b = -10 + 14. What is the highest common divisor of g and b?
4
Let t be 10*(-22)/(-28) + 1/7. What is the greatest common factor of t and 64?
8
Let x(d) = -d + 5. Let c be x(7). Let l = c - -2. Suppose 0 = 3*z - l*z - 15. What is the greatest common factor of z and 35?
5
Suppose 0 = 4*b - 2*x - 1 - 1, 0 = b + 3*x + 3. Suppose 3*c + 2*j - 65 = j, b = -3*c + 5*j + 89. Calculate the greatest common factor of c and 115.
23
Let o = -42 - -72. Suppose -4*y = -2 - o. What is the highest common divisor of y and 8?
8
Let i(o) = o**2 - 15*o + 46. Let q be i(17). Calculate the highest common divisor of q and 4.
4
Let a(b) = b**2 + 6*b + 1. Let g be a(-6). Suppose 0*k = -4*k + 8. Calculate the highest common factor of k and g.
1
Let h be -2 + (2 - 6/(-1)). Let f = 8 + -2. Let s(m) = m**2 - 6. Let w be s(f). Calculate the highest common divisor of h and w.
6
Let h be (1 - 1)/(1/(-1)). Let q = 17 - h. Calculate the greatest common divisor of 51 and q.
17
Let l be (1 - 4/2)*-84. Suppose -2*b = -46 - l. Calculate the highest common divisor of b and 26.
13
Let k(c) = 28*c**2 - 14*c - 20. Let p be k(-2). Suppose 2*d + 4*y - 7*y = 39, -4*d - y = -57. What is the greatest common divisor of p and d?
15
Let y be (-264)/(-11)*4/6. What is the highest common factor of y and 24?
8
Let v = -5 + -16. Let u = v + 1. Let j be 5/(2*(-2)/u). Calculate the greatest common factor of j and 10.
5
Let o be 3/1 + 1 + 14. Suppose -978 = -5*c - 3*a, 5*c - 5*a - 1354 = -344. What is the highest common divisor of c and o?
18
Suppose 15 = -3*m, 6*o - m = o + 15. What is the highest common divisor of o and 34?
2
Let r be (6/(-4))/((-2)/28). What is the greatest common factor of r and 105?
21
Let p(y) = -y**3 - 11*y**2 + 16. Let x be p(-11). What is the highest common factor of x and 4?
4
Let c